.
-2
Let r(y) = 25*y - 13. Let l(d) = 18*d - 9. Let s(h) = 7*l(h) - 5*r(h). Calculate s(0).
2
Let q be ((-3)/(-2))/((-11)/22). Let r(b) = -2*b**3 - 3*b**2 + 5*b + 3. What is r(q)?
15
Let t be -3*(17 + -7)/10. Let o(n) = 2*n**3 - 2*n**2 + 5*n - 1. Let q(u) = -u**3 - u - 1. Let b(x) = -o(x) - 3*q(x). Give b(t).
1
Let r = 5 - 9. Let h(g) be the third derivative of -g**6/360 + g**5/120 + g**4/3 + 19*g**2. Let t(j) be the second derivative of h(j). Calculate t(r).
9
Let a(k) = -k**2 + 10*k + 16. Suppose -3*r - 34 = -4*g + 2*g, -3*g + 41 = -2*r. What is a(g)?
5
Let p(j) = j**2 + 5*j + 1. Suppose -12*l + 245 = -5*l. Suppose -9*z - l = 10. Give p(z).
1
Let a(d) = -d**2 + 2*d - 1. Let n(o) = -o**2 + o - 1. Suppose 3*x + 1 = 7. Let p(l) = x*n(l) - 3*a(l). Let h(z) = z**2 + 6*z - 10. Let b be h(-8). Give p(b).
13
Let c(v) = v**2 + 4*v - 5. Let a(d) = -d. Let n(y) = 2*y + 7. Let i be n(-13). Let h = -15 - i. Let z be a(h). Determine c(z).
-5
Let m(b) = b**3 + 35 + 10*b**2 - 2123496*b + 2123519*b + 2*b**2. What is m(-10)?
5
Let l = -565 + 579. Let j be (-1 - 0/2)*-4. Suppose h - l = -4*w - w, 2*h + 2*w + j = 0. Let b(x) = x - 7. Give b(h).
-13
Let w(t) = t**3 + 9*t**2 + 7*t - 7. Suppose 5*p - 4 = -2*u - 20, -4*u - 32 = 4*p. Give w(u).
1
Let l(b) = -b**3 + 14*b**2 + 1. Let p be l(14). Let v(q) = -6*q**3 - q**3 - 2*q + 2*q**2 + q. Determine v(p).
-6
Let w(g) = g**2 - 3*g - 6. Let v be w(5). Let f = v + -12. Let k = f - -12. Let r(h) = -h**3 + 4*h**2 - 2*h + 4. Calculate r(k).
-4
Let c = -34 - -34. Let q(f) be the second derivative of -4*f - 3/2*f**2 + c + 1/6*f**3. What is q(5)?
2
Let p = 11 + -16. Let v(q) = -3 + 5*q**2 + 3*q**2 - 12 - 8*q - 15*q**2. Let h(d) = 11*d**2 + 12*d + 23. Let o(t) = -5*h(t) - 8*v(t). Determine o(p).
10
Suppose q - 8 - 8 = 4*f, -8 = q + 4*f. Suppose -2 - 5 = -5*g - 2*o, q*o - 9 = -5*g. Let j(l) = -3*l. Give j(g).
-3
Let r(t) = t - t**2 + 2*t + 2*t. Let f = 262 - 256. What is r(f)?
-6
Let d(a) = -3*a - 79. Let s be d(-27). Suppose 2*g = 6, -4*u - g = -s*u - 15. Let i(t) = t + 1. Determine i(u).
7
Let b(n) be the first derivative of n**5/20 - 7*n**4/12 + n**2/2 - 27*n + 16. Let g(c) be the first derivative of b(c). Determine g(7).
1
Suppose -139 = 6*o + 317. Let v = 72 + o. Let p(t) = -2*t**3 - 15*t**2 - 3. Let g(m) = m**3 + 8*m**2 + 2. Let w(s) = -7*g(s) - 4*p(s). Calculate w(v).
-2
Let o(n) = n**3 - 5*n**2 - 9*n + 13. Suppose 0 = -51*z + 52*z - 2*u, 2*u - 6 = 0. Determine o(z).
-5
Let l(c) = -3*c**3 - 5. Let z(s) = -15*s**3 - 24. Let t(d) = 24*l(d) - 5*z(d). Let x = -3230 + 3231. Calculate t(x).
3
Let u(q) = 57 + 2*q + 37 - 89 + 29 - 4*q. What is u(20)?
-6
Let c(b) = -3*b - 6 + 4 + 4*b. Suppose -4*s = -4, -3*z - 10*s = -8*s - 14. Determine c(z).
2
Suppose -226 = 81*r + 98. Let i(w) = -2*w**2 - 6*w + 11. Give i(r).
3
Let z(k) = -2*k + 4. Let b(y) = y**2 - 5*y + 6. Let t be b(4). Suppose -t*m - 16 = -4*m. Let x = 11 - m. Determine z(x).
-2
Let x be 6/(2*(-6)/(-16)). Suppose 5*u - u + x = 0. Let z(m) = -5 + m**3 + 2 - 1 + 2 + 4*m**2 - 2*m. What is z(u)?
10
Suppose -f - 3*f + 4 = 4*u, -5 = -5*u + 5*f. Let l(n) be the third derivative of n**6/120 + n**4/12 - n**3/6 - 24*n**2. Determine l(u).
2
Let l(f) = 88 + f + 80 - 165. Give l(2).
5
Let k(q) be the second derivative of 23*q**5/20 + q**4/6 - q**2/2 - q + 65. Determine k(-1).
-22
Let r(m) = m**3 - 7*m**2 + 9*m + 7. Let x = 156 - 151. What is r(x)?
2
Let t(o) = -o**2 + 13*o - 34. Let p be t(9). Let y(d) be the second derivative of -d + 1/12*d**4 - 3/2*d**p - d**3 + 0. Determine y(6).
-3
Suppose 65 = 4*l - 15. Suppose -16*g + l*g = 0. Let a(r) = -r - 2 + r**3 + 0*r**2 - 6 - r**2. What is a(g)?
-8
Let q(s) = -6*s + 1. Let a be 5/(-2) - 6/(-4). Determine q(a).
7
Let n(q) = -q**2 + 10*q + 24. Let w(g) = g + 7. Let y be w(5). Let l be n(y). Let x(i) = -i**3 + i**2 + i - 14. Calculate x(l).
-14
Let d be (-2)/3*(2 - -1). Let x(q) = 0*q**2 + 987 - 988 + q**2. What is x(d)?
3
Let l(q) = 3*q + 1. Let y(g) = -g**2 - 9*g + 9. Let r be y(-9). Suppose r*f = 6*f + 6. Suppose 4*u + h - 3 = -15, -f*u + 2*h + 4 = 0. What is l(u)?
-5
Let b be 14/(-6) - 2/30*115. Let v(u) = -u**3 + u - 2*u - 6*u**2 - 8 - 4*u**2. Calculate v(b).
2
Suppose 70*w = 69*w + 15. Let d(v) = v - 22. Give d(w).
-7
Let h(r) = -r**3 + 3*r**2 - 3*r - 4. Let d be (-98)/(-4) + (-2)/(-4)*-1. Let y be d/(-20)*(-15)/6. Determine h(y).
-13
Let l(a) = a**2 + 5*a + 15. Let c(p) = p**2 + 4*p + 16. Let h(v) = -v**2 + 16*v - 10. Let y be h(15). Let z(j) = y*l(j) - 6*c(j). Give z(0).
-21
Let g be 168/(-32)*(-16)/12. Let h(c) = -c**2 + c + 10. What is h(g)?
-32
Let h(r) = -93*r**2 - 4*r - 91*r**2 + 183*r**2. What is h(-4)?
0
Suppose -448 = -7*t - 434. Let q(u) = -2*u - 1. Let o be q(-3). Let x(f) = -3*f + 7*f**2 - o*f**2 - 3 + f**3 - t*f. Calculate x(-3).
3
Let g(n) = -5*n**2 - 2*n. Let y(k) = -6*k - 1. Let j be y(0). Determine g(j).
-3
Let q = -5 + 9. Let s(u) = -4*u**2 + 2*u - 1. Let o(z) = -7*z**2 + 4*z - 1. Let k(p) = 6*o(p) - 10*s(p). What is k(q)?
-12
Let i = -3 + 3. Let p(y) be the first derivative of -y**2/2 - 4*y - 236. Calculate p(i).
-4
Let f = 25 + -22. Let i be -2 + (f - 3 - -4). Suppose -2 = -4*a + i*y, 2*a + 4*y = 3*y - 9. Let t(u) = -3*u**2 - u + 2. What is t(a)?
-8
Suppose y - 2*y + 4 = 0. Suppose y = b + 1. Let o(l) = l - 7 + b + 0*l. Calculate o(-4).
-8
Let b(g) = g + 1. Let m be (-2 - (-10)/5) + 2. Give b(m).
3
Let b(f) = -3*f + 4*f - 2 - 4 - 10. Suppose -3*u = -u. What is b(u)?
-16
Let p(h) = -2*h + 2. Let f(j) = -j. Let n be f(4). Let d be ((-14)/(-4))/((-2)/4). Let x(b) = 4*b - 5. Let t(l) = d*p(l) + n*x(l). Determine t(5).
-4
Suppose 4*i = 26 - 66. Let j be (15 + -1)*(-5)/i. Let p(x) = -8 + j + 2*x + 3*x - 3*x. Give p(-2).
-5
Let f(t) be the first derivative of -7*t**2/2 - t - 54. Suppose -b = 3*z + 2, -3*z + 4 = -7*z. Determine f(b).
-8
Let j(k) = -k**2 + 6*k - 2. Let t(w) = w**3 - 9*w**2 + 3*w + 47. Let b be t(8). Calculate j(b).
-9
Let l = 1 - 1. Suppose 0 = 3*v + 2*t + 13, 2*t + 6 = 4*v - l*t. Let r(c) be the third derivative of 3*c**6/40 - c**3/6 + 52*c**2. Calculate r(v).
-10
Let n(t) = -t**2 + 12*t + 20. Let v = 564 + -550. Determine n(v).
-8
Let r(q) = 9*q + 253. Let x be r(-29). Let h(w) = w**3 + 9*w**2 + 8*w + 8. What is h(x)?
8
Let f(r) = -r + 9*r - r**3 - r + 4*r + 4*r**2 - 9*r. Calculate f(5).
-15
Let b(w) be the second derivative of w**3/2 - w**2 - 41*w. Determine b(-1).
-5
Let b = -317 + 307. Let u(r) = -r**2 - 9*r - 7. Calculate u(b).
-17
Suppose 12 = 3*c + 3. Let h(y) = y**3 - y**2 - 3*y. Let n be h(c). Let b be ((-21)/n)/(2/(-6)). Let f(v) = -v**3 + 6*v**2 + 8*v - 7. Determine f(b).
0
Suppose 2*o + 56 = -2*o. Let n = -9 - o. Let r(h) = 5*h**2 - 3*h + 9. Let i(t) = 3*t**2 - 2*t + 5. Let l(g) = 7*i(g) - 4*r(g). Give l(n).
14
Suppose 0 = 5*r - 6*r. Suppose 4*h + 4*s - 8 = r, 4*s = 5*s. Let m(g) be the third derivative of g**5/60 - g**4/12 + 4*g**2. Determine m(h).
0
Let w(d) = 3*d**2 - 1. Let x be w(1). Let p be (-12 - -2)*1/x. Let m(f) be the second derivative of f**3/6 + f**2 + 19*f. Determine m(p).
-3
Let r = -34 + 16. Let o be 4/6 - 114/r. Let n(b) = -o*b**2 - b + 2*b**2 - 8 + 4*b**2. What is n(0)?
-8
Suppose -2*j = -4 - 0. Suppose j*u - 13 = 3. Let s(l) = 7*l - 14*l + u*l. What is s(2)?
2
Let m be (1 - 0) + -1 + 10. Let o(j) = 2*j + 15. Let s be o(-10). Let t = m + s. Let a(w) = 3*w - 1. Calculate a(t).
14
Let y = 9832 - 9829. Let d(m) = -1. Let b(a) = -2*a + 16. Let x(c) = b(c) + 12*d(c). What is x(y)?
-2
Let s(n) be the second derivative of -2*n**4/3 + n**3/3 - n**2 + 25*n - 3. What is s(1)?
-8
Let l(a) = -55*a - 13. Let c(x) = -1. Let q(n) = 2*c(n) - l(n). Let i(o) = -11*o - 2. Let b(h) = -11*i(h) - 2*q(h). Determine b(-1).
-11
Let m(f) = -f**2 + 3. Let k be m(0). Let n(c) = -k*c + c - 3*c + 0*c. Let s be 0/1 - 1/1. Determine n(s).
5
Let y be (-16)/(45/(-5) - -7). Let l(p) = -p**2 + p + 9. What is l(y)?
-47
Let c = 4 - 4. Let o(z) be the first derivative of z**5/60 - z**4/24 - 4*z**3/3 + 3*z**2 - 6. Let a(t) be the second derivative of o(t). What is a(c)?
-8
Let t(y) = y**3 + 7*y**2 + 9*y + 4. Let x(w) = w**3 + 7*w**2 + 9*w + 4. Let m(b) = -3*t(b) + 4*x(b). Calculate m(-6).
-14
Let s(j) = 3*j - 2*j + 5*j - 7*j. What is s(-4)?
4
Suppose 0 = -104*i - 111*i - 860. Let v(p) = -2*p - 1 + 0*p - 3*p. Cal